 factors of 2201223632?
2, 137576477
What are the prime factors of 2289600463?
113, 283, 71597
What are the prime factors of 5607118311?
3, 67, 1039, 26849
List the prime factors of 1952956780.
2, 5, 8423, 11593
What are the prime factors of 3788778986?
2, 73, 103, 251947
List the prime factors of 27968743.
11, 113, 22501
What are the prime factors of 655161594?
2, 3, 61, 1790059
List the prime factors of 244271131.
13, 569, 33023
List the prime factors of 164548181.
7, 67, 97, 3617
What are the prime factors of 20460775?
5, 17, 31, 1553
List the prime factors of 1658167986.
2, 3, 1823, 151597
List the prime factors of 7789441741.
47, 165732803
List the prime factors of 7381857.
3, 7, 351517
What are the prime factors of 1273901498?
2, 4591, 138739
List the prime factors of 1073877242.
2, 536938621
What are the prime factors of 429901828?
2, 19, 5656603
List the prime factors of 6674343186.
2, 3, 7, 631, 251843
What are the prime factors of 6879571?
577, 11923
List the prime factors of 1148006366.
2, 13, 83, 531977
What are the prime factors of 16132145?
5, 947, 3407
What are the prime factors of 190700497?
13, 857, 17117
List the prime factors of 19735492.
2, 7, 704839
What are the prime factors of 1884456631?
23, 811, 101027
List the prime factors of 28555599.
3, 9518533
What are the prime factors of 2380953767?
23, 3167, 32687
What are the prime factors of 8814875690?
2, 5, 127, 619, 11213
What are the prime factors of 7373447800?
2, 5, 19, 1940381
What are the prime factors of 742447023?
3, 557, 643, 691
What are the prime factors of 364445444?
2, 11, 8282851
List the prime factors of 56904380.
2, 5, 13, 29, 7547
List the prime factors of 51641067.
3, 17213689
List the prime factors of 40076485.
5, 8015297
List the prime factors of 3033356216.
2, 11, 4231, 8147
What are the prime factors of 6199454675?
5, 83, 179, 16691
What are the prime factors of 131648973?
3, 383, 114577
List the prime factors of 188668748.
2, 79, 597053
List the prime factors of 1092580223.
7, 156082889
What are the prime factors of 76899095?
5, 7, 13, 169009
List the prime factors of 2568761088.
2, 3, 19, 401, 439
List the prime factors of 400659543.
3, 1307, 34061
What are the prime factors of 702064040?
2, 5, 89, 199, 991
List the prime factors of 1470065054.
2, 735032527
What are the prime factors of 163276266?
2, 3, 27212711
List the prime factors of 1203923003.
1203923003
What are the prime factors of 101770791?
3, 23, 197, 7487
List the prime factors of 4378729669.
283, 461, 33563
What are the prime factors of 60010953?
3, 317, 63103
List the prime factors of 3091947.
3, 163, 6323
List the prime factors of 34948459.
7, 13, 384049
What are the prime factors of 202821351?
3, 67607117
What are the prime factors of 2871871582?
2, 61, 929, 25339
What are the prime factors of 775080474?
2, 3, 7, 18454297
What are the prime factors of 1254489196?
2, 1877, 167087
What are the prime factors of 32150827?
2671, 12037
List the prime factors of 45872606.
2, 13, 29, 83, 733
List the prime factors of 44447618.
2, 47, 472847
List the prime factors of 3837930939.
3, 829, 514399
What are the prime factors of 2788610213?
293, 487, 19543
What are the prime factors of 356226280?
2, 5, 8905657
List the prime factors of 1412503208.
2, 17, 211, 49223
What are the prime factors of 162850302?
2, 3, 823, 10993
What are the prime factors of 916423140?
2, 3, 5, 137, 111487
What are the prime factors of 101273742?
2, 3, 29, 131, 1481
What are the prime factors of 33695771?
33695771
List the prime factors of 3056505930.
2, 3, 5, 33961177
What are the prime factors of 1439000271?
3, 29, 1361, 4051
What are the prime factors of 58072036?
2, 11, 29, 71, 641
List the prime factors of 35818073.
35818073
List the prime factors of 58669493.
251, 233743
List the prime factors of 13216366.
2, 71, 163, 571
List the prime factors of 518486032.
2, 37, 875821
List the prime factors of 4765367526.
2, 3, 11161, 71161
List the prime factors of 4993024285.
5, 239, 1733, 2411
What are the prime factors of 28955921?
28955921
What are the prime factors of 18276618?
2, 3, 3046103
What are the prime factors of 1309003258?
2, 654501629
What are the prime factors of 117966920?
2, 5, 2949173
List the prime factors of 44918076.
2, 3, 7, 534739
What are the prime factors of 1298845830?
2, 3, 5, 43294861
What are the prime factors of 513472168?
2, 11, 163, 35797
What are the prime factors of 46048474?
2, 23024237
What are the prime factors of 8062582?
2, 11, 79, 4639
List the prime factors of 70478983.
70478983
List the prime factors of 165816650.
2, 5, 97, 179, 191
What are the prime factors of 790875966?
2, 3, 5569, 23669
List the prime factors of 51320752.
2, 7, 73, 6277
List the prime factors of 30745933.
19, 1618207
What are the prime factors of 67525267?
101, 668567
What are the prime factors of 140967893?
11, 17, 753839
List the prime factors of 653751539.
7, 8329, 11213
What are the prime factors of 308940608?
2, 19, 83, 3061
What are the prime factors of 1889823553?
1889823553
List the prime factors of 216266235.
3, 5, 53, 199, 1367
List the prime factors of 169817229.
3, 61, 34369
List the prime factors of 1739652783.
3, 11, 29, 47, 38677
List the prime factors of 1031971470.
2, 3, 5, 79, 647, 673
What are the prime factors of 309371205?
3, 5, 11, 13, 19, 7591
List the prime factors of 365556736.
2, 356989
List the prime factors of 6729576.
2, 3, 7, 41, 977
What are the prime factors of 2807187514?
2, 251, 5592007
What are the prime factors of 423829855?
5, 23, 3685477
What are the prime factors of 2068273694?
2, 1034136847
What are the prime factors of 145085709?
3, 48361903
What are the prime factors of 344436900?
2, 3, 5, 41, 683
List the prime factors of 373291474.
2, 17, 645833
List the prime factors of 163956839.
67, 523, 4679
What are the prime factors of 94545889?
94545889
What are the prime factors of 7137415885?
5, 3691, 386747
List the prime factors of 22097528.
2, 43, 64237
List the prime factors of 271027883.
7, 23, 1683403
What are the prime factors of 1365292248?
2, 3, 6529, 8713
List the prime factors of 6934273148.
2, 11, 9649, 16333
What are the prime factors of 25583883?
3, 13, 67, 9791
What are the prime factors of 138824385?
3, 5, 7, 1322137
What are the prime factors of 81954065?
5, 67, 244639
List the prime factors of 211126261.
41, 5149421
List the prime factors of 311375948.
2, 13, 661, 9059
What are the prime factors of 48886583?
37, 1321259
What are the prime factors of 50074039?
29, 1726691
What are the prime factors of 114180632?
2, 14272579
List the prime factors of 611927643.
3, 311, 617, 1063
List the prime factors of 26514774.
2, 3, 11, 13, 10301
List the prime factors of 116379941.
107, 1087663
List the prime factors of 16199143.
31, 522553
What are the prime factors of 26035129?
26035129
List the prime factors of 595230598.
2, 53, 5615383
List the prime factors of 162493621.
401, 405221
List the prime factors of 2773363887.
3, 7, 179, 239
List the prime factors of 11180364.
2, 3, 13, 37, 149
List the prime factors of 437101172.
2, 5119, 21347
What are the prime factors of 892876159?
7, 17, 107, 70123
List the prime factors of 1062826054.
2, 11831, 44917
What are the prime factors of 96343559?
13, 53, 139831
What are the prime factors of 570196619?
570196619
What are the prime factors of 287483004?
2, 3, 809, 9871
What are the prime factors of 213787698?
2, 3, 35631283
What are the prime factors of 48977042?
2, 41, 127, 4703
What are the prime factors of 573357275?
5, 487, 47093
What are the prime factors of 360331884?
2, 3, 11, 19, 83, 577
List the prime factors of 4160480553.
3, 462275617
What are the prime factors of 211262556?
2, 3, 47, 83, 4513
List the prime factors of 147416932.
2, 13, 137, 20693
What are the prime factors of 763530474?
2, 3, 7, 18179297
What are the prime factors of 778995170?
2, 5, 77899517
What are the prime factors of 149758796?
2, 11, 23, 1223
What are the prime factors of 101326883?
7, 14475269
List the prime factors of 277885378.
2, 61, 491, 4639
List the prime factors of 2128588849.
16139, 131891
What are the prime factors of 288988178?
2, 144494089
What are the prime factors of 19439461?
809, 24029
List the prime factors of 496082279.
7, 